t s be (9/6)/1*2. Let v(k) = -5*k - 6*k + s - 2. What is the units digit of v(-1)?
2
Let n(m) be the third derivative of -m**4/12 + 7*m**3/6 - 6*m**2. What is the units digit of n(-7)?
1
Suppose 0 = -4*z + 37 - 1. What is the units digit of z?
9
Let j(v) be the first derivative of v**3/3 - 5*v**2/2 - 14*v + 1. Let p be j(10). What is the tens digit of (-1)/(2 + (-75)/p)?
1
Let a = -9 - -9. Suppose 0 = b - 3*b - 5*n + 19, a = -5*b - 3*n + 19. What is the units digit of b?
2
Let i(l) = 2*l**2 - 4*l + 2. Let h(m) = m**3 - 5*m**2 + 4*m. Let j be h(4). Let u = 2 + j. What is the units digit of i(u)?
2
Let z(a) = -a**2 - 9*a + 3. Let l be z(-7). Let w = -28 - -16. Let s = l + w. What is the units digit of s?
5
Let y(v) = v**2 + 13*v - 97. What is the units digit of y(-22)?
1
Suppose t - 2*v - 86 = 0, 0 = -t - 3*v - v + 110. What is the tens digit of t?
9
Suppose o - 4*o = -33. Suppose -5*v + o = 56. What is the units digit of (-34)/v - 4/(-18)?
4
Suppose 0 = -3*t + 4*m + 186, 62 = -2*t + 3*t + 2*m. Suppose 4*b - t = 2. What is the tens digit of b?
1
Let t = 14 - 10. Suppose n = -2*k + 3*n + 16, n - 17 = -t*k. What is the units digit of k?
5
Suppose -5*y + 3*y = 0. Suppose y = 2*o - 3 - 1. Suppose 4*a = -3*j + 6*j + o, -a = 4*j - 10. What is the units digit of a?
2
Suppose -4*i + 126 = 3*b - 5, -3*i + 37 = b. What is the tens digit of b?
4
What is the units digit of (-22 + -3)*(-7 - -4)?
5
Let i = -6 + 12. Let w be (-3)/9 + 20/i. What is the units digit of (w/(-2))/(3/(-4))?
2
Let y = 0 - 4. Let p = y + 6. What is the units digit of p?
2
Suppose 3*f + 5 = -4, -5*y = -2*f - 21. Let m = 44 - -11. Suppose -4*k - y*c = -m, -4*c = -2*k + c - 5. What is the tens digit of k?
1
Suppose 2*w = 4*j + 15 + 3, 5*w - 21 = 4*j. What is the units digit of -4 + w/((-4)/(-64))?
2
Let s = -306 + 439. Suppose 3*c - 11 - s = 0. Suppose 0 = -3*q - q + c. What is the units digit of q?
2
Let t be 4*(1 + 0/(-1)). Let v be -6*3/(-12)*t. Let a(y) = y + 1. What is the units digit of a(v)?
7
Let i(h) = -h**3 + 2 - h**2 - 2*h**2 + h + 2*h**2. Let p be i(0). Suppose p = t + 1. What is the units digit of t?
1
Let h(a) = 20*a**2 - 19*a**2 + 6*a - 5*a + 5*a + 7. What is the units digit of h(-6)?
7
Let i be (3/3 - 4)*-1. Let l(z) = -z - i*z - 3*z. What is the units digit of l(-1)?
7
Let g = -14 - -8. What is the units digit of 350/(-20)*g/5?
1
Let g(k) = -k + 2. Let n be g(-5). Suppose 5*t - n*t = -12. What is the units digit of t?
6
Let j be 25/15*5*3. Suppose 4*n = j + 47. What is the units digit of n?
8
Let h = -53 + 97. What is the tens digit of h?
4
Let m = 11 - 7. Suppose a + 12 = 5*a. Let d = m + a. What is the units digit of d?
7
Suppose 2*r - 3 = 1. Suppose -2 = -g + r. Suppose g*w = 12 - 4. What is the units digit of w?
2
Let p(x) = -x**3 - 20*x**2 - 20*x + 11. What is the units digit of p(-19)?
0
Let u = 15 + -9. Suppose o - 3*j = -2*j + 8, -j - 41 = -4*o. Suppose 3*l - o = -p, -4 = -5*p + u. What is the units digit of l?
3
Let n(c) = 19*c + 56. What is the units digit of n(16)?
0
Let y(i) = i**3 + 10*i**2 - 14*i - 14. What is the units digit of y(-11)?
9
Let o(a) be the second derivative of a**6/180 + a**5/60 - a**4/12 + a**3/6 - a. Let b(c) be the second derivative of o(c). What is the tens digit of b(-3)?
1
What is the units digit of -3 + (-7)/(7/(-4))?
1
Let z(c) = -12*c. What is the units digit of z(-7)?
4
Let l(f) be the first derivative of f**4/4 + 5*f**3/3 - 3*f**2 - 3. Let d be l(-6). Let i = d + 4. What is the units digit of i?
4
Suppose -10 = -2*v - 4. Let n(x) = x**3 - 2*x**2 - 2*x + 4. What is the units digit of n(v)?
7
Suppose 3 = -4*b + 11. Suppose -2*r + 20 = -2*v, -3*v = 3*r + b*v - 30. What is the units digit of r?
0
Let m(q) = -q + 7. Let s be m(4). Suppose -21 = s*f + 2*f - 4*i, -12 = -3*i. What is the units digit of 7*f/(-1) + -2?
5
Suppose -3*s + 0*s = -282. What is the units digit of s?
4
Let n = 67 + 45. What is the hundreds digit of n?
1
Let d(g) = -g**3 + 7*g**2 - 3. Let l be d(5). Let c = l + -28. Suppose -13 = -2*r + 5*b, -2*r + c + 6 = -b. What is the units digit of r?
4
Suppose 0 = -f - f + 60. Suppose 0*p + 12 = 4*p. Suppose 9 = -4*l - p*y + 50, 3*y = -3*l + f. What is the units digit of l?
1
Let m(i) = -i + 1. Let d be m(9). What is the units digit of d/(5 + -1) + 11?
9
Suppose 4*a - 249 = 227. Let r = -71 + a. What is the tens digit of r?
4
Let t = -21 - -45. What is the units digit of t/2 - 0/(-3)?
2
Let z(x) = 13*x**3 - 3*x**2 + 5*x + 1. Let y(b) = 3*b**3 - b**2 + b. Let n(r) = 9*y(r) - 2*z(r). What is the units digit of n(4)?
0
Let c(f) = 18*f - 9. What is the tens digit of c(3)?
4
Suppose 27*k - 3322 = 5*k. What is the units digit of k?
1
Suppose -l = -13 + 2. Suppose -14 = -5*i + l. What is the units digit of i?
5
Suppose -n = 4*l - 23, -18 - 14 = -4*n - 4*l. Suppose 3 = n*h - 3. Suppose 0*z = 2*z - h. What is the units digit of z?
1
Suppose 0 = -b - 2*b + 24. What is the units digit of b?
8
Let b(y) = 4*y**2 + 6*y + 1. Let f be b(-4). Let p = -19 + f. What is the tens digit of p?
2
Suppose 2*m = 15 + 7. What is the units digit of m*-3*(-12)/18?
2
Let p = 156 + -89. What is the units digit of p?
7
Let n(b) = -11*b + 10. Let y be n(-6). Suppose 0 = 3*j - j - y. What is the units digit of j?
8
Let j = 256 + -138. What is the units digit of j?
8
Suppose -5*u = -4*w - 135, -3*u + 0 = -2*w - 83. What is the tens digit of u?
3
Let g(c) = c**3 - 7*c**2 - 8*c + 3. Let r be g(8). Suppose -k + 21 = -r. What is the tens digit of k?
2
Suppose 5*w - 2*w + 4 = 2*p, -4*w + 13 = p. Suppose -w*j - j + 75 = 0. What is the units digit of j/(-10)*36/(-10)?
9
Let l(v) be the third derivative of -2*v**2 + 0 + 0*v + 1/6*v**3 + 1/6*v**5 - 1/12*v**4. What is the units digit of l(1)?
9
Let u(r) = -9*r - 22. What is the tens digit of u(-11)?
7
Let h(q) = -q**2 + 12*q - 11. Suppose 3*t = -4*m + 19, -49 = t - 6*t + 2*m. Let b be h(t). Suppose b = g - 0*g. What is the units digit of g?
6
Let f(o) = o**2 - 3. Let d(g) = -g**3 - 5*g**2 + 6*g. Let n be d(-6). Suppose w = p - n + 3, -3 = 3*w. What is the units digit of f(p)?
3
Let r(d) = -d + 6. Let m be r(6). Let g = 2 - m. Suppose 3*h - g - 7 = 0. What is the units digit of h?
3
Let l(s) = -s**3 + 7*s**2 - 2*s - 8. What is the units digit of l(5)?
2
Let v(d) = -4*d + 9. What is the units digit of v(-8)?
1
Let q = -6 + 17. Let m = q + -1. What is the units digit of (4/m)/((-1)/(-15))?
6
Suppose 0*s = -s + 2. Suppose t + s = 12. What is the units digit of t?
0
Let m = 14 - 10. Suppose -p + 17 = 2*p - m*d, 5*p - d = 17. Suppose -3*n - 2*n = -2*j - 10, j + p = 2*n. What is the units digit of n?
4
Suppose -6*l + 330 = -210. What is the tens digit of l?
9
Let f = -2 - -7. Suppose -f*d + 50 = -0*d. What is the tens digit of d?
1
Suppose -2*q + 5*q - 396 = 0. What is the tens digit of q?
3
Let g = 23 + -1. Suppose -4*z + 9 = r - 5, 5*r = 3*z - g. Suppose z*q = -6 + 26. What is the units digit of q?
5
Suppose -4*a = -4 - 84. What is the units digit of 5 + a + 3 + 0?
0
Suppose c - 4*c = 2*j - 63, 5*c - 2*j = 121. What is the units digit of c?
3
Suppose 4*k + 19 = 3*w, -3*w - 5 = -4*w. What is the units digit of 9 - (k + 1 - -2)?
7
What is the tens digit of 286 + 5 + 0 + 2/(-2)?
9
Suppose 3*l + 0*l = -3*x + 249, -2*x = -l + 74. Suppose 4*z + 4*k - l = 0, k - 22 = -3*z + 34. What is the units digit of z?
8
Suppose -5*t + 33 = -2*z, -2*t + t + 9 = -z. Let j = z + 5. Suppose -4 = -l + j. What is the units digit of l?
5
What is the units digit of (-2)/15*-93 - (-2)/(-5)?
2
Let x(c) = -c**3 - 14*c**2 - 17*c + 8. What is the units digit of x(-13)?
0
Suppose 4*v + r = -28 - 24, v = 5*r - 13. Let w = v - -28. What is the units digit of w?
5
Let p be (-65)/(-15) + 2/(-6). Suppose -p*r = r. Suppose 0 = 2*c, -5*n - 2*c + 15 = -r. What is the units digit of n?
3
Suppose 5*q - d = -162, 4*d + 5 = -7. Let a = q - -63. What is the units digit of a?
0
Let a be (8 - 7)*1/(-1). What is the tens digit of -3 + 26 + a - 0?
2
Suppose 0*y + y + 12 = 3*u, -y = u. Let d(n) = -n**3 - 2*n**2 + 4*n + 4. What is the units digit of d(y)?
1
Let t(l) = -l - 2. Let k be t(-6). Let w(s) = s**3 + 3*s**2 + 4. Let m be w(-3). Suppose m*g - k = 3*g. What is the units digit of g?
4
Suppose 5*m + 63 = 3*r + 7, -3*m = 5*r - 150. Let s = r + -17. What is the units 